ulate the greatest common divisor of 168 and j.
12
Let h(v) = -3*v - 4. Let l be h(-6). Calculate the greatest common factor of 70 and l.
14
Suppose 5*g - 4*g = 1. Calculate the greatest common factor of g and 11.
1
Let s(y) = y**3 - 7*y**2 + 3*y - 10. Let r be s(7). Calculate the highest common factor of 77 and r.
11
Let g = 1 - -13. What is the greatest common divisor of g and 140?
14
Let t be (-16 + 1)/((4 + -11)/7). Calculate the highest common divisor of 165 and t.
15
Let h be (13 - 2)/(2 - 1). What is the highest common divisor of h and 110?
11
Let u = 13 + -10. Calculate the highest common factor of 30 and u.
3
Let y(j) = j**3 - 15*j**2 + 15*j - 4. Let k be y(14). What is the highest common divisor of 50 and k?
10
Let j be (-3 - 27*-1)/1. Let a be 5/((-15)/j)*-2. Calculate the greatest common divisor of a and 32.
16
Let i(k) = -k + 4. Let h be i(0). Calculate the highest common divisor of 12 and h.
4
Let a(h) = 44*h. Let l be 4 + -3 - (-1 - 0). Let s be a(l). Let m(t) = -t**2 + 9*t + 8. Let w be m(9). What is the highest common factor of s and w?
8
Let x be -1*(-5)/(30/546). Calculate the greatest common divisor of 7 and x.
7
Suppose s = -3*s + 84. Calculate the highest common factor of 105 and s.
21
Let y(b) = -b**3 - 2*b**2 + 2*b + 5. Let a be y(-2). Let g(p) = p**2 + 3*p + 1. Let h be g(-5). Calculate the highest common divisor of a and h.
1
Let g be (3 + (0 - -5))/(3/6). Let q be 2/6 + 33/9. Calculate the greatest common factor of g and q.
4
Suppose 5*n + 0*n = -l + 180, 3*l - 50 = -n. Calculate the highest common factor of n and 7.
7
Suppose 2*d + 8 = 0, y + 2*d + 32 = -y. Let k = y + 5. Let g = k + 11. Calculate the greatest common divisor of g and 32.
4
Let d be 55/7 + 2/14. Calculate the highest common divisor of d and 88.
8
Let k be 78/10*(-4 - -9). Let f be 2/(-5)*(-66 + 1). What is the highest common factor of f and k?
13
Let s(i) = -5*i**2 + 1. Let f(v) = 6*v**2 + v. Let o(u) = -4*f(u) - 5*s(u). Let q be o(6). Calculate the greatest common divisor of q and 28.
7
Suppose -2*b = -74 - 46. Suppose p - b = -2*p. What is the highest common divisor of p and 5?
5
Suppose 40*m = 37*m + 30. Calculate the greatest common divisor of m and 10.
10
Suppose -9 = -4*a + 39. Let y = -9 - -69. Calculate the greatest common factor of a and y.
12
Let r be (-68)/(-7) + (-4)/(-14). Let x = r + -2. Let i(t) = t**2 - 6*t - 8. Let z be i(x). What is the greatest common factor of z and 24?
8
Let k(v) = -v**3 - 6*v**2 - 9*v + 14. Let i be k(-6). Calculate the greatest common factor of 102 and i.
34
Suppose 0 = -5*r - 2*v + 705, -r = r - 3*v - 301. Let c be 8/(-16) - 27/(-2). Calculate the highest common factor of c and r.
13
Let n(f) = -2*f + 4. Let c be n(-11). Suppose -58 = -4*z + c. What is the greatest common factor of z and 14?
7
Let n be (-182*(-1)/(-3))/((-2)/3). Calculate the greatest common divisor of 13 and n.
13
Let q be (-88)/(-3) - 8/6. Suppose 4*c + 0*c - q = 0. Calculate the highest common divisor of 1 and c.
1
Let t be 0 + 6 + (5 - 3). Let k be 36/t + (-3)/(-6). Calculate the greatest common factor of 45 and k.
5
Let c be 1*((-3 - -35) + -3). What is the highest common divisor of 29 and c?
29
Let k(t) = t**2 - 1 + t**2 + 15*t - 14*t. Let x be k(2). Let z = -4 + 49. Calculate the greatest common divisor of x and z.
9
Suppose -4*h + 42 + 54 = 0. What is the highest common factor of 6 and h?
6
Suppose -y = -35 - 126. Suppose 0 = -4*f - 699 + 791. What is the highest common divisor of y and f?
23
Let j(n) = 12*n**2 - 2*n + 2. Let b be j(1). Calculate the greatest common divisor of b and 48.
12
Let m be ((-1)/3)/((-6)/144). Suppose m*w = 3*w + 45. Calculate the highest common divisor of w and 63.
9
Let t be (-1 + -44)/(0 - 1). Suppose 6 = w - 5. Let r = w + 7. What is the highest common divisor of r and t?
9
Let n be 2/2 + 1 + -2. Suppose n = 3*w - 4*w + 25. Calculate the greatest common divisor of w and 5.
5
Suppose 195*q - 9 = 192*q. Calculate the greatest common factor of 33 and q.
3
Let j be 232/6 - (-1 + 20/12). Calculate the greatest common factor of 95 and j.
19
Suppose 5*i - 28 = 57. What is the highest common factor of i and 136?
17
Suppose 49 - 129 = -5*q. What is the highest common factor of q and 80?
16
Let w(m) = 5*m**2 + 12. Let s be w(3). Calculate the greatest common factor of s and 19.
19
Suppose 3*u = 4*a + 8, 5*a = -2*u + 14 - 1. Let t be 2*(3 - u/(-2)). Calculate the greatest common factor of 20 and t.
10
Let h = -1 + 2. Suppose 24 = 3*j - 0*j. Let g = j + 3. Calculate the greatest common factor of h and g.
1
Let h = -6 - -10. Suppose 0*u - 44 = -h*u. Let y be -1*(-16 + -2) - -4. Calculate the greatest common factor of u and y.
11
Let c(p) be the second derivative of p**4/12 - 2*p. Let q be c(1). Let o be 18/2 + 2 + q. Calculate the highest common divisor of 48 and o.
12
Let p = -8 + 26. What is the highest common divisor of 198 and p?
18
Let b = 76 - 58. What is the highest common divisor of b and 54?
18
Let c = -23 + 48. What is the highest common factor of c and 200?
25
Let u = 9 - 9. Suppose u = l + 4*l + 55. Let r = l + 15. What is the highest common factor of r and 8?
4
Suppose -3*u + 3*d + 121 - 19 = 0, -5*u = d - 158. What is the highest common factor of 48 and u?
16
Suppose 0 = -4*f - 0*v + v + 13, v + 5 = 0. Suppose -f*h + 27 = h. Calculate the highest common divisor of 3 and h.
3
Let d = 337 + -223. Let y = 8 + -2. Let p = d - y. Calculate the greatest common factor of 12 and p.
12
Suppose -16*c + 19*c - 18 = 0. What is the greatest common divisor of c and 12?
6
Suppose 3*l = 5*c + 72, 2*l = l + 3*c + 20. What is the highest common divisor of 29 and l?
29
Let w be -14*((-10)/(-45) - 40/18). Calculate the highest common divisor of 7 and w.
7
Suppose 6*r - 154 = 4*r. Let d = 1 + 26. Suppose -q + 2*q - d = -4*t, -t = q - 12. What is the greatest common factor of q and r?
7
Suppose -5*h + 21 = -q, -4*q + 0*q + 26 = 2*h. What is the highest common factor of h and 35?
5
Suppose -2*l = -3*l + 1. Let q be -10*(-3)/30*4. Suppose q*b = 16 - 4. Calculate the greatest common factor of l and b.
1
Let i = 9 + -8. Let h = i + 3. What is the greatest common divisor of 8 and h?
4
Let k(d) = 3*d - 10. Let l be k(7). Let u = -33 + 88. What is the highest common factor of u and l?
11
Suppose 4*f + 5*q - 5 = 11, -5*f + 4*q = -61. Let h(j) = j + 1. Let c be h(-1). Let y be 144/(-10)*(-5 + c). Calculate the greatest common divisor of f and y.
9
Suppose 52 = 4*r - 20. Let y = -450 + 638. Let z = -98 + y. What is the highest common divisor of z and r?
18
Suppose 2*y + 0*y = -5*i + 41, -3*y + 4 = -4*i. Calculate the greatest common factor of y and 8.
8
Let q(n) = -n. Let m be q(-4). Let o be (-308)/33*(-66)/m. What is the highest common factor of o and 14?
14
Suppose -5*x + 449 - 19 = 0. Suppose -274 = -3*l + x. What is the highest common divisor of l and 15?
15
Suppose 0 = 4*a - 0*a - 2*k - 40, 5*a = 5*k + 40. Let f = -116 - -67. Let y = f - -181. Calculate the greatest common factor of y and a.
12
Suppose -5 - 5 = -2*j. Let l = -11 - -12. Calculate the greatest common divisor of j and l.
1
Let m = 14 - 2. Suppose 4 = -4*x + m. Calculate the highest common factor of 4 and x.
2
Suppose 4*n = -5*z + 138 + 243, -3*n + 382 = 5*z. Let k(y) = -y**3 - 7*y**2 - 8*y - 1. Let r be k(-6). What is the highest common factor of r and z?
11
Let g be 104/(-60)*-3*5. Suppose 2*q - 16 - g = 0. Calculate the greatest common divisor of q and 231.
21
Suppose 0 = -a - 0*a - 6. Let c(y) = -y**2 - 6*y + 7. Let q be c(a). What is the greatest common divisor of q and 7?
7
Let n(x) = 1 + 2*x - 4*x + x - x + 71*x**3. Let i be n(1). Let c(o) = -13*o + 2. Let v be c(-2). Calculate the greatest common factor of v and i.
14
Let f = -14 - -6. Let s = 11 + f. Suppose -2*m = 2*u - 58, 3*m - u = 31 + 48. Calculate the highest common divisor of s and m.
3
Let i(w) = 3*w**2 + 6*w - 6. Let j be i(5). Calculate the greatest common factor of 9 and j.
9
Let d = -31 + 97. Suppose -d = -3*y - 12. Let w(n) = -3*n. Let s be w(-2). What is the greatest common divisor of s and y?
6
Let h = 11 - 4. Let r = 38 - 37. What is the greatest common divisor of h and r?
1
Let m(v) = -77*v**3 + v**2 - 1. Let s be m(-1). Suppose 79 = 5*u - 36. Let h = s - u. Calculate the highest common 